n 38 is divided by p.
12
Let f(n) = 35*n**3 - n**2 - n + 1. Let z be f(1). Let o(v) = -4*v + 1. Calculate the remainder when o(-3) is divided by z/6 + 2/(-3).
3
Suppose -p = -7*k + 3*k - 5, -5 = -p. Let q(u) = u**2 + 3. Let y be q(-6). Calculate the remainder when 24 is divided by (k - -2)*y/6.
11
Let u(a) = a**3 - a**2 - 2*a - 4. Suppose 2 = -3*h + 11. What is the remainder when 30 is divided by u(h)?
6
Let a(m) = -6*m**2 + m - 1. Let h be a(1). What is the remainder when 38 is divided by (-3)/(-6) + (-75)/h?
12
Suppose 5*p - 70 - 56 = 3*z, 3*z + 54 = 2*p. Suppose -39 - p = -3*n. Calculate the remainder when 62 is divided by n.
20
Let w be 2 - (-1)/((-1)/(-106)). Calculate the remainder when (-2)/(-11) - w/(-11) is divided by 3.
1
Let l(u) = u**3 - u + 4. Let i be l(4). Let m(z) = -5*z**3 - 3*z**2 - z. Let b be m(-1). Suppose b*v = -v + i. What is the remainder when v is divided by 6?
4
Let d(u) = 7*u. Suppose -3*k + 50 - 3 = -v, 5*v - 65 = -5*k. Calculate the remainder when d(4) is divided by k.
13
Let f = -26 - -45. Suppose 4*g - 2*t + 3*t = 17, 2*g - 3*t - f = 0. What is the remainder when 17 is divided by g?
2
Let n = -20 - -40. Suppose 3*g - 86 = 85. What is the remainder when g is divided by n?
17
What is the remainder when 50 is divided by 4/6*(-162)/(-4)?
23
Suppose 4*q = q + 150. Let w = -3 - -6. Suppose -2*c + 3*y - 20 = -w*c, -89 = -5*c - 4*y. What is the remainder when q is divided by c?
16
Let u = 57 + -35. Let s = u - 16. Suppose 0 = 3*y - 2*y - 4. What is the remainder when s is divided by y?
2
Let k(u) = 12*u - 7. Suppose -44 = 8*m - 4*m. Let b = 29 + m. What is the remainder when k(5) is divided by b?
17
Calculate the remainder when (4 - -2)/(-2) - -14 is divided by 7.
4
Let h(z) = -z**2 - 14*z - 2. Suppose m + 25 = -3*y, -2*m - 51 = 3*y - 13. Calculate the remainder when h(m) is divided by 6.
5
What is the remainder when 21 is divided by -2*(-1 + 2)/(4/(-26))?
8
Let v = -3 - -21. Suppose 3 = 6*w - 3*w + 3*j, 2*w - 2 = -5*j. Calculate the remainder when 53*w/(-2)*-2 is divided by v.
17
Suppose -24 = -5*y + 1. What is the remainder when (-68)/(-5) - 4/(-10) is divided by y?
4
Let q be 442/8 - (-1)/(-4). Suppose 6*s = s + q. Let b(o) = o**3 + 2*o**2 - 4*o + 1. Calculate the remainder when s is divided by b(-3).
3
Let q = -74 + 37. Calculate the remainder when (-8)/28 - q/7 is divided by 3.
2
Let g(z) = -2*z - 4. Suppose 3*i = 6*i - 105. What is the remainder when i is divided by g(-8)?
11
Suppose -4*o + 7*o = 6. What is the remainder when (-44)/(-8) + 2/4 is divided by o?
0
Let i = -10 + 19. Calculate the remainder when 33 is divided by i.
6
Let f = -182 - -647. What is the remainder when f is divided by 39?
36
Let q(s) = -s + 13. Let w be (0 + (-3)/(-9))*69. Suppose 2*h - 3 = w. What is the remainder when h is divided by q(6)?
6
What is the remainder when 342/(-36)*1*-2 is divided by 7?
5
Let i(w) = w - 10. Let d be i(11). Let f be 23 - 3 - (-1 + d). Suppose 2*k - f = -2*k - 4*t, 0 = -4*t - 20. Calculate the remainder when 28 is divided by k.
8
Suppose 2*f - 5 = -3*n, 2*f - 2*n - 3*n + 19 = 0. Let d be (-3)/(2/52*-3). Calculate the remainder when 24 is divided by d/((-4 + 0)/f).
11
Suppose 3*n - 38 = 2*i - 0*i, 0 = 4*n - i - 54. Calculate the remainder when n is divided by 5.
4
Let f(q) = -2*q**2 - 12*q - 10. Calculate the remainder when 10 is divided by f(-4).
4
Calculate the remainder when (0 - -1)/((-8)/(-136)) is divided by 4.
1
Let f = -4 + 17. What is the remainder when 49 is divided by f?
10
Suppose -126 - 21 = -3*h. Calculate the remainder when h is divided by 14.
7
Suppose -2*q = -5*z + 31, -q + 2*q = -5*z + 22. Let j = q + 7. Calculate the remainder when 9 is divided by j.
1
Let t = -90 - -4. Suppose 4*o - 19 - 41 = 0. What is the remainder when 11/22*(0 - t) is divided by o?
13
Suppose -88 = -5*d + 2. Calculate the remainder when d is divided by (-26)/(-3) - 5/3.
4
Let r = 13 + -2. Suppose 0*u - 80 = -4*u. Calculate the remainder when u is divided by r.
9
Let a be ((-6)/(-8))/(3/12). Suppose 3*b - 2*v - 8 = a*v, 3*b + v = 20. Let u = 11 - b. What is the remainder when 13 is divided by u?
3
Let g be 2/((-12)/3)*-184. Suppose -3*o = -7*o + g. Suppose -4*v + 31 = -1. What is the remainder when o is divided by v?
7
Let z = 145 - 83. Calculate the remainder when z is divided by 6 - 2 - 2 - -14.
14
Suppose -4*g + 38 = -3*g. Suppose -4*h - g - 43 = -5*v, h - 86 = -5*v. Calculate the remainder when 67 is divided by v.
16
Let q be (9/3)/(-6)*-6. Suppose 0 = -2*p + 8, -q*p + 20 = y + 3. What is the remainder when 13 is divided by y?
3
Let w be (-3 - (-3 - -2)) + 18. Calculate the remainder when 35 is divided by 124/10 - w/40.
11
Let l be ((-15)/6)/((-2)/28). Let j = 65 - l. What is the remainder when j is divided by 11?
8
Suppose 4 = 4*c - 4. Suppose -x = -2*x - 4*k + 26, 3*x - 68 = -c*k. Calculate the remainder when x is divided by 6.
4
Let n(p) = 9*p - 4 - 31*p + 3. Let g be n(-1). Calculate the remainder when 14 is divided by (-1 - -4)*35/g.
4
Suppose -2*l = -5 - 41. What is the remainder when 65 is divided by l?
19
Calculate the remainder when 30 is divided by -4*(-1)/8*16.
6
Suppose 0*z - 5*z = -230. Let y = -14 - -26. Calculate the remainder when z is divided by y.
10
Suppose -22 = -5*q + 3. Suppose q*k + 2*s = 3*k + 18, 4*k - 32 = -3*s. What is the remainder when 19 is divided by k?
4
Suppose 19 = -5*o - 151. Let w = 53 + o. Calculate the remainder when 55 is divided by w.
17
Let i = 75 - 36. What is the remainder when i is divided by 20?
19
Suppose 6*h - 13*h + 182 = 0. What is the remainder when 128 is divided by h?
24
Suppose 20 = 4*i - 9*i. Suppose 3*p = 7 - 28. Let n = i - p. Calculate the remainder when 5 is divided by n.
2
Let m = 3 - 1. Let v(s) = s - 9. Calculate the remainder when m is divided by v(10).
0
What is the remainder when 34 is divided by 2*-2*27/12*-2?
16
Suppose 0*h + 72 = -2*h. Calculate the remainder when 7 is divided by 1/(-4) - 81/h.
1
Let j = 47 + -14. Let c = 53 - j. What is the remainder when c is divided by 11?
9
Let w = 70 + -33. What is the remainder when w is divided by 20?
17
Suppose v + 90 = 4*v. Let a be -3*5/(v/(-4)). Suppose 2*h = 24 - a. What is the remainder when h is divided by 6?
5
Suppose 8*v - 162 = 126. Calculate the remainder when v is divided by 13.
10
Let l(z) = 2*z**2 + 2*z - 1. Let q be l(1). Suppose -49 = -6*p + q*p + 2*k, p = -5*k + 39. What is the remainder when p is divided by 7?
5
Let k(h) = h. Let p = -4 + 6. Calculate the remainder when 4 is divided by k(p).
0
Suppose 0*p + 80 = 5*p. Let a be 1*3/3 - -2. Suppose 136 = a*l - 2. What is the remainder when l is divided by p?
14
What is the remainder when 22 + (2/1 - 4) is divided by 12?
8
Suppose 5*m + 5*a - 8*a = 67, -2*m - 4*a + 32 = 0. Calculate the remainder when 109 is divided by m.
11
Let h(l) = -7*l. Calculate the remainder when 3 - -25 - (0 + 1 - -1) is divided by h(-2).
12
Let q = 34 - 13. What is the remainder when q is divided by 6?
3
Suppose -75 = -4*t - 7. Suppose -4*k + t = -3. Calculate the remainder when k is divided by 2.
1
Let p = 92 - 26. Calculate the remainder when p is divided by 18.
12
Suppose 2*c - w - 20 = 0, c - w - 16 = -4. Suppose 0*u = -u + 3. What is the remainder when c is divided by u?
2
Suppose 3*v - 94 = -2*x + 5*v, 0 = 5*v + 15. Calculate the remainder when x is divided by 16.
12
What is the remainder when 7/28 + 99/4 is divided by 13?
12
Suppose 0*j - 3*j + 30 = 0. Calculate the remainder when 57 is divided by j.
7
What is the remainder when 32 is divided by (2/(-6))/((-83)/(-21) - 4)?
4
Let v(z) = z + 11. Calculate the remainder when 13 is divided by v(-3).
5
Suppose -3*n = -n - 138. Suppose -21 = -y + 3*a, y + 4*a - 8 = 6. What is the remainder when n is divided by y?
15
Calculate the remainder when (5 - -100) + -2 + -1 is divided by 26.
24
Suppose 2*r = 3*l - 44, 32 = 9*l - 8*l - 5*r. What is the remainder when 105 is divided by l?
9
Calculate the remainder when 375 is divided by ((-1)/(-5))/((-1)/(-145)).
27
Let n(o) = -o**3 + 7*o**2 + 9*o - 4. Let a be n(8). Suppose 4*u = 3*c - 4 + 1, 0 = 3*c - u - 3. What is the remainder when a/(-2) - (-11)/c is divided by 5?
4
Calculate the remainder when 42 is divided by (3/1)/((-57)/(-304)).
10
Let l(h) = -2*h - 1. Suppose 0 = 5*g +